Let f(l) = 5*l**2 - 7*l - 3. Let d(j) = -2*j**2 - j. Let p(r) = -2*d(r) - f(r). Calculate p(10).
-7
Let k(m) = m + 1. Let n be (32/(-3))/(-4)*(-18)/(-8). What is k(n)?
7
Let y(b) = -b**2 + 2*b - 1. Let i be y(4). Let k = 9 + i. Let n(v) = v**3 - v**2 - v - 6. Determine n(k).
-6
Let r(h) be the first derivative of -h**3/3 - 7*h**2/2 - 4*h - 26. Give r(-4).
8
Let s(d) be the second derivative of -d**4/12 - d**3 - 3*d. What is s(-5)?
5
Let z(x) = -7*x**3 - 11*x**2 - 9*x - 5. Let q(c) = 9*c**3 - 5*c**3 + 4*c + 4 + 5*c**2 - 1. Let b(g) = -5*q(g) - 3*z(g). Determine b(-7).
0
Let p(d) = d**2 + 5*d + 4. Let j = 1 + 3. Suppose -r + y + y + 21 = 0, 3*r + 2*y = 79. Suppose r = -x - j*x. Determine p(x).
4
Suppose 10*t + 4*t + 14 = 0. Let s(m) = m**2 - 2*m. Let w(h) = -3*h. Let q(v) = 9*s(v) - 6*w(v). Determine q(t).
9
Suppose 3 - 2 = f. Let q(g) = -g + 3 - f - 2. Determine q(4).
-4
Let d(v) = v + 5*v**3 - v**3 - v**2 + 3*v**3. Suppose -9 = -u + 4*b, -11 = -5*u + 3*b - 0. Calculate d(u).
7
Suppose 5*s + 3 = -12. Let h(q) = 5*q + 4. Calculate h(s).
-11
Let a(g) = 13*g**2 - 4 - 9*g**2 - 7*g**2 - 3*g - g**3 + 6*g. Give a(-3).
-13
Let v(a) be the second derivative of -a**3/2 + 3*a**2/2 + 7*a. Calculate v(3).
-6
Let l(d) = d**2 + 4*d + 3. Let m be l(-3). Let j = 0 - -1. Let a(r) = j + 0 + r**2 - r + 2*r**2 - 2*r**2. Give a(m).
1
Let v(o) = 3*o. Let j(d) = d + 1. Let t(c) = c**3 + 9*c**2 + c + 13. Let f be t(-9). Suppose 2*k - k + 1 = 0. Let l(p) = f*j(p) + k*v(p). Give l(0).
4
Let u be ((-9)/(-3))/(-3) + 3. Let q(k) = 3*k - 7*k**u + 6 + 3*k**2 + 3*k**2. Give q(5).
-4
Suppose -3*f = -h - 6*f + 11, -3*h + 2*f = 11. Let w(d) = d. Let j(t) = -t**2 + 12*t. Let v(a) = h*j(a) + 6*w(a). Calculate v(5).
-5
Let t(m) = m**3 + 6*m**2 - 6*m + 2. Let i be t(-7). Let x(h) = -h**3 - 5*h**2 - 2*h - 6. Let y be x(i). Let n(g) = g - 5. Give n(y).
-1
Suppose 4 - 20 = -4*h. Suppose -4*y = 3*q - 23, 0 = -0*q + q - 2*y - 1. Let a(d) = 2*d - q + d**2 + h*d + 3 - 7*d. Calculate a(4).
10
Let n(v) = v**2 + 7*v + 6. Suppose -32*c + 10 = -34*c. Determine n(c).
-4
Let d(x) = 7*x + 1. Let f be d(4). Let k = f + -21. Let n(t) = t**2 - 8*t - 3. Calculate n(k).
-3
Suppose -3*a - 3 - 6 = -3*f, 0 = -4*f - 5*a - 33. Let j(v) = -2*v**3 - 2*v**2 + v - 1. What is j(f)?
5
Suppose -2*c + 5 = -1. Suppose 0 = -5*t - 2 - c. Let n(p) be the third derivative of -p**6/24 - p**5/60 - p**4/24 + 7*p**2. Calculate n(t).
5
Let a(v) = v**2 - 7*v - 13. Suppose -34 = -k + 5*r, -3*k - 5*r + 9 = 7. Calculate a(k).
5
Suppose -5*y + 64 = 59. Let a(r) = -7*r - 1. Give a(y).
-8
Suppose -13*v + 15*v = 10. Let r(l) = -l**2 + 6*l. Give r(v).
5
Let z = 5 - 1. Let k be (-1 + (4 - -3))/2. Suppose -z = k*o + o. Let i(t) = 11*t + 1. What is i(o)?
-10
Let v(z) = -2*z**2 + 5*z + 1. Let s(t) = -t**3 + 12*t**2 + 13*t + 4. Let j = -18 + 31. Let q be s(j). Determine v(q).
-11
Let v(n) be the third derivative of n**5/20 + n**4/12 - n**3/3 - 2*n**2. Let w be (-11)/5 - (-2)/10. What is v(w)?
6
Let r(u) = -u**2 + 6*u + 2. Suppose 0 = -4*x + 4*i, -3*x + 0*x - 2*i + 10 = 0. Suppose 6 = -x*m, 4 = -o - 5*m - 6. Determine r(o).
7
Let o(z) = -z**3 - 4*z**2 + 6*z + 7. Let g = -2 + -3. Give o(g).
2
Let r(k) = -3*k + 4. Suppose 4*w - 8 - 8 = 0. What is r(w)?
-8
Let t(v) = -v**3 - 4*v**2 + v + 4. Let a(w) = w**2 - 7*w + 1. Let i be a(7). Suppose i = -b - 3. Determine t(b).
0
Let h(c) be the first derivative of c**4/4 + c**3 + c**2/2 - 4*c - 1. Let z = -4 - -1. What is h(z)?
-7
Let o be 2/(-6) - (-21)/9. Suppose 0 + o = -w. Let j(h) = -h**2 + 2*h + 1. Calculate j(w).
-7
Let d = 28 + -18. Let w(a) = -a**3 + 9*a**2 + 9*a + 1. Determine w(d).
-9
Suppose -5*y + 3 + 32 = 0. Let g be y + -2*4/8. Let m(v) = -v**3 + 6*v**2 + 4. What is m(g)?
4
Let b(j) = j. Let d = -9 + 6. Let l be b(d). Let v be (3/l)/(3/9). Let i(r) = r**3 + 3*r**2 + 1. Determine i(v).
1
Let g(k) = -k**3 + 6*k**2 - 5*k - 1. Let o be g(5). Let m be (8/(-16))/(o/4). Suppose -h - m*i = -6, -2*i + 8 = -2*h - i. Let b(w) = -w**2 - w + 2. Give b(h).
0
Let x(f) be the first derivative of -f**5/20 + 5*f**4/12 + f**3/6 - 3*f**2/2 + 3*f - 4. Let o(l) be the first derivative of x(l). What is o(5)?
2
Let d(z) = -5*z**2 + 29*z + 29. Let o(i) = -2*i**2 + 10*i + 10. Let y(q) = -3*d(q) + 8*o(q). Give y(-5).
3
Let n = 15 + -12. Let p(h) = 2 - 5 + 2*h + h**3 + n*h**2 + h**2. Determine p(-3).
0
Let w(t) = -5*t + 32. Suppose -34 = 4*y - 2. Let f(b) = -3*b + 21. Let n(i) = y*f(i) + 5*w(i). Give n(-6).
-2
Let s(u) = -5*u + 2 - 2. Let n be s(-1). Let i(k) = -5*k**2 + k**3 + 1 + 0*k**2 + 5 + 0*k**2. What is i(n)?
6
Let r(y) be the third derivative of -y**6/120 + y**5/15 + y**4/4 - y**3/3 - 11*y**2. Determine r(5).
3
Let z(m) = -5*m**2 - 5*m**3 + 6 + 6*m**3 - 5. What is z(5)?
1
Suppose n = 4*n. Suppose 0 = -3*u - n*u. Let d(f) = f**3 - 3. What is d(u)?
-3
Let n(h) = 4*h + 3. Let k(p) = p + 3. Let j = -6 + 10. Let m = -9 + j. Let b be k(m). Give n(b).
-5
Let y(o) be the first derivative of o**4/4 + 2*o**3/3 - o**2 + 2*o - 17. Give y(-3).
-1
Let d(z) = -z**2 + z - 1. Let x be ((-3)/(-6))/(3 + (-17)/6). Give d(x).
-7
Let n(u) = u**3 - 6*u**2 - 8*u + 3. Let y be n(7). Let w(s) be the first derivative of 3/2*s**2 + 1/3*s**3 - 1 + 3*s. Give w(y).
7
Suppose -10 = 4*a + 4*y - 50, 3*a - 5*y = -10. Let x = a + -5. Let t(b) = b**3 + b + 7. Determine t(x).
7
Let r(x) = 1. Let z(h) = 6*h + 0*h - 7*h. Let y(c) = 3*r(c) + 4*z(c). Determine y(2).
-5
Let s(c) = -c**3 + 4*c**2 + 3*c - 5. Let p = -8 - -12. Determine s(p).
7
Let l(n) be the first derivative of -n**3/3 + 5*n**2/2 + 5*n - 15. Give l(6).
-1
Let h(k) = k**3 + 1. Let u(d) = -6*d**3 - 12. Let m(x) = 12*h(x) + u(x). What is m(1)?
6
Let n = -17 + 16. Let r = 7 - 4. Let l(d) = -2*d + 1 + 2*d + 4*d**r + 2*d + d**2. Give l(n).
-4
Let v(h) = -h**2 - 7*h + 4. Suppose -3*t + 4*t + 3 = 3*k, 0 = -5*t - 4*k - 34. What is v(t)?
10
Let i(q) be the first derivative of q**3/3 - 47. What is i(-3)?
9
Let i(y) be the third derivative of y**5/60 + y**4/6 - y**3/6 - 28*y**2. Determine i(-6).
11
Let p(f) = -f**3 + 7*f**2 - 7*f + 8. Let n be p(6). Let c(w) = 6*w - 1. What is c(n)?
11
Let j(s) = -s**3 - 3*s**2 + 6*s + 5. Let c be (32/(-20))/(12/30). What is j(c)?
-3
Let a(i) = -i - 8. Let g be 15*(-1)/10*4. Calculate a(g).
-2
Let t(b) be the second derivative of b**3/6 + 3*b**2/2 + 18*b. Let u = 8 - 5. What is t(u)?
6
Let b(i) = -i**3 - 6*i**2. Suppose -y = -3*c - 15, -4*y + 9 = -y. Let v be 4*(1/c - -2). Suppose -4*s + 18 = -v*s. Calculate b(s).
0
Let a(d) be the first derivative of 1 - 2*d - 3/2*d**2 + 1/3*d**3. Let n = 26 + -21. What is a(n)?
8
Let s(f) be the first derivative of -f**6/360 - f**5/20 + 5*f**4/24 - f**3/3 - 3. Let h(d) be the third derivative of s(d). What is h(-5)?
10
Let z(q) = 2*q + 29 + 2*q**3 - 27 + q**2 + 3*q**3 - 4*q**3. What is z(-2)?
-6
Let f(q) be the third derivative of q**6/120 + q**4/24 - q**3/6 - q**2. Let j(i) = -i**2 + 13*i - 12. Let k be j(12). What is f(k)?
-1
Let y(n) = -n**2 - 10*n - 7. Let t be y(-9). Let j(m) = m**t + m + 0*m + 2 - 2. Determine j(-1).
0
Let s(z) = -z - 5. Let g(v) = -4*v - 16. Let x(m) = -2*g(m) + 7*s(m). What is x(5)?
2
Let d(r) = -r**3 + 4*r**2 + 2*r - 2. Let g be (-6)/(-3) - (-3 - -2). Calculate d(g).
13
Let o(q) = 9 + 7*q - 9 + 14. Let p(z) = z + 1. Let l(n) = -o(n) + 6*p(n). Give l(-6).
-2
Let t(l) = -l**2 + 4*l - 3. Suppose 4*q - q = -6, 0 = 3*f - 5*q - 16. What is t(f)?
1
Let k(j) = j**3 - j**2 + j + 1. Let r(y) = 6*y**3 - 5*y**2 + 4*y + 16. Let s(n) = 5*k(n) - r(n). Give s(0).
-11
Let z(m) be the third derivative of -7*m**6/60 + m**4/24 + 7*m**2. Determine z(1).
-13
Let y be (16 + (-3)/(-3))/1. Let k(v) = -20*v**3 - v**2 - 11*v + 21. Let s(r) = 7*r**3 + 4*r - 7. Let j(u) = y*s(u) + 6*k(u). Give j(-6).
-5
Let q = -25 + 27. Let v(t) = -2*t**2 + 3*t - 3. Determine v(q).
-5
Let k = -45 + 42. Let p(o) = 6 + o**2 - 2 + o + 4*o. Calculate p(k).
-2
Let l = 13 - 10. Suppose 6 = t + 3*p, -t - 3*p = l*t - 24. Let j(b) = -b + 7. Calculate j(t).
1
Let f(p) be the second derivative of -p**4/12 + 4*p**3/3 - 5*p**2/2 + p. Let l be (-14)/4*(-2 + -4 + 4). Give f(l).
2
Let p(o) = 0 + 5 - o - o - 4. Let v be (-4)/(-14) + (-6)/21. Suppose v = -l - 2 - 3. Give p(l).
11
Let y = 8 - 12. Let r(c) = -c**2 - 6*c - 5. Let f be r(y). Let x(g) = -2 + 6 - 2